ose -y = -r - 4*r. Suppose 4*h = -2*k + 1 + r, 5*h - 15 = 0. What is the highest common factor of 12 and k?
4
Let p = 18 + -16. Calculate the greatest common factor of p and 4.
2
Suppose 20 = -0*m + 4*m - 4*d, -2*m = 5*d - 38. Suppose -4*r + 106 = 5*b, 3*b - r + 94 = 8*b. Calculate the greatest common factor of m and b.
9
Suppose -4*d - 30 = 2*v - 0*v, -d = -4*v - 15. Let g(m) = -3*m + 1. Let l be g(v). What is the greatest common divisor of l and 2?
2
Suppose 117 = l + 47. Let q be (28/16)/(1/16). What is the greatest common factor of q and l?
14
Suppose -g + 4*g = 0. Suppose g = -t + 4. Suppose n = 4*n - 96. What is the highest common divisor of t and n?
4
Let i(h) = h - 3*h + 1 + 2*h**2 + 3*h - 6. Let w be i(3). Calculate the highest common divisor of 4 and w.
4
Let d be -1 - ((2 - 1) + -270). Let h = -160 + d. Let w be -3 - 489/(-33) - 2/(-11). What is the greatest common factor of w and h?
12
Let l(h) = h**3 - 3*h**2 + 3*h - 3. Suppose 6 = -5*n + 16. Let m be l(n). Let b be m - (-17 - -1*2). What is the greatest common factor of 126 and b?
14
Suppose 12 = 3*n - 45. What is the highest common divisor of 209 and n?
19
Let r = 122 - 82. Let z = -16 + r. Let j be 12 + (-4)/4 - 3. What is the greatest common divisor of j and z?
8
Let o = -14 - -44. Suppose 3*p = 9 + 21. What is the highest common factor of p and o?
10
Let i(r) = -r**2 - 4*r - 3. Let k be i(-4). Let y be (1 + 104)*(-1)/k. Calculate the highest common factor of 7 and y.
7
Let k(z) = z**3 + 14*z**2 - 4*z - 4. Let b be k(-14). Calculate the greatest common divisor of b and 4.
4
Let i be (-6)/21 + 23/7. Let f be 14*(i + 0)/3. What is the greatest common factor of f and 112?
14
Let k be (-4 - (-48)/9)*9. What is the highest common divisor of 8 and k?
4
Suppose 172 = 5*c - 4*y, -2*y - 2 = 2*c - 78. Suppose 3*h + 8 = 5*h. Calculate the greatest common factor of h and c.
4
Suppose 2*c - 42 - 48 = 0. What is the greatest common divisor of 15 and c?
15
Let g = -47 - -91. What is the highest common factor of 11 and g?
11
Let c(d) = -8*d**2 - 4*d + 6. Let q be c(5). Let v = q - -319. Let s = v + -35. What is the highest common factor of 28 and s?
14
Let a be 16 + -13 + (-7)/(-1). What is the highest common divisor of a and 6?
2
Let q(p) = 12*p + 6. Let t be q(-4). Suppose -36 - 23 = -y. Let i = y + t. Calculate the highest common divisor of i and 34.
17
Let r(k) = 2*k**2 + 4*k - 12. Let u be r(-5). What is the highest common divisor of u and 9?
9
Suppose -5*b + 15 = -165. Let d(n) = -n**2 - 10*n + 3. Let g be d(-6). Let l be 6/g - (-428)/18. What is the highest common factor of b and l?
12
Suppose -44 = -2*f + 10. What is the greatest common divisor of 18 and f?
9
Suppose 8 = -2*r - 3*p - 0, 3*r - 3*p - 3 = 0. Let y = 19 - r. What is the greatest common factor of y and 20?
20
Let m(q) = q**2 + 6*q - 10. Let t = -68 + 95. Suppose 0 = o - 4*o - t. Let v be m(o). Calculate the highest common divisor of v and 119.
17
Suppose -2*r = 4*r - 126. Calculate the highest common divisor of 252 and r.
21
Suppose 0 = 4*s - 2*w - 14, -2*s = s + 2*w. Suppose -s*x = -2*i + 3*i + 15, i + 5 = 3*x. Let z = 23 + i. What is the highest common divisor of 12 and z?
12
Suppose 4*f - z = 572, -15 = -4*z + 1. Suppose -x + 3*x - f = 0. Suppose -3*h + 0*r = 3*r - 30, 0 = -5*r + 10. What is the highest common divisor of h and x?
8
Let q = 23 + -5. Suppose p - 1 = -0*p. Let g be 6/(3 - p) - 1. Calculate the greatest common factor of g and q.
2
Suppose 2*m - 4*w = 56, 0 = 4*m - m - 5*w - 86. Calculate the greatest common divisor of m and 256.
32
Suppose 6*q = 3*q + 2*y + 94, 2*q - 3*y = 66. Calculate the highest common divisor of 40 and q.
10
Let m(k) = -k**3 + 3*k**2 - 4*k. Let i be m(3). Let o be (-40)/(2*3/i). What is the highest common divisor of o and 16?
16
Let m be (-6)/9*-9*1. Calculate the highest common divisor of m and 12.
6
Suppose 8*n - 4*n = 48. Calculate the greatest common divisor of n and 30.
6
Let o(f) = f**2 + 8*f - 1. Let d be 1*-3*(-6)/(-2). Let c be o(d). What is the greatest common divisor of c and 24?
8
Suppose 3*j + 48 = 7*j. Calculate the greatest common divisor of j and 108.
12
Suppose -2 = -b + 2*b. Suppose -w = -x + 3, -w + 0*x - 18 = -4*x. Let l be 8 - (b + 3 - w). What is the greatest common factor of l and 1?
1
Suppose -5*f - 5*j = -25, -7 = -4*f - 5*j + 17. Let g(s) = 4*s**2 + 3 - 4*s + s**2 - 4*s**2. Let n be g(4). What is the greatest common factor of f and n?
1
Let x(o) = -8*o + 11. Let k be x(-10). Let q be (26/8)/((-1)/(-4)). What is the greatest common divisor of q and k?
13
Let u = -5 + 8. Suppose -4*o - 54 = -9*o - 3*l, u*o - 28 = -4*l. Suppose o = 5*z - z. What is the greatest common factor of 21 and z?
3
Let h(s) = 3*s - 13. Let v be h(8). Calculate the greatest common factor of v and 2.
1
Let m = 51 - 9. Calculate the highest common divisor of 56 and m.
14
Suppose 2*n = 7*n. Suppose n = -3*v - 2*w + 129, 0*w + 3*w = -v + 50. Let y = -22 + v. What is the highest common factor of y and 19?
19
Suppose -5*a + 340 = 4*b, -5*b + 2*a = -420 - 38. Calculate the greatest common factor of b and 60.
30
Let x be 3 - (0 + 1 - 31). Calculate the greatest common factor of x and 3.
3
Suppose 0 = -6*w + 11*w - 20. Suppose -2*l + x + 6 = 0, 3*l - w*x - 4 + 5 = 0. What is the greatest common divisor of l and 5?
5
Let t(o) = o**2 + 3*o + 1. Let q be t(-2). Let y be (q - (-3)/9)*-6. Let m = -1 + 5. Calculate the greatest common divisor of m and y.
4
Let q(s) = s**3 + 2*s**2 - 2*s - 3. Let o be q(-3). Let g be ((-12)/8)/(o/56). Calculate the greatest common factor of g and 98.
14
Let c(o) = -10*o - 6. Let d be c(-6). Calculate the highest common divisor of d and 135.
27
Let i(c) = c + 1. Let y be i(-1). Suppose y*p - 2*p + 18 = -2*l, 5*p = l + 57. What is the greatest common divisor of 4 and p?
4
Let d be (12/(-14)*112/(-24))/4. Calculate the highest common factor of d and 5.
1
Let a = 0 + 3. Suppose -i + k = -4 - 2, -a*k = 5*i - 14. What is the greatest common divisor of i and 4?
4
Let r = -13 - -16. What is the highest common factor of r and 24?
3
Let m(b) = -4*b**3 - 6*b**2 - 2*b - 8. Let i be m(-4). Calculate the highest common factor of 64 and i.
32
Suppose 4*y - x - 136 = 0, 2*y - 66 = -0*y + x. Suppose -u + 9 = 3*q, 5*q = 2*u + 3*u + y. Calculate the highest common divisor of 2 and q.
2
Let z be (-4)/(-6) + (-1940)/(-15). Let v = z - 73. Let c(i) = i**3 + 8*i**2 + 3*i + 10. Let s be c(-7). Calculate the highest common factor of v and s.
19
Let n = 9 - 5. Suppose 4*l + 4*d - 20 = 0, n*l - 6*l - 5*d + 19 = 0. What is the greatest common factor of l and 14?
2
Suppose 3*m + 5*r + 7 + 8 = 0, 5*r = -5*m - 25. Let k = m - -12. Suppose h - 3*q = 1, -4*h - 3*q = q - 4. Calculate the greatest common factor of k and h.
1
Let v be (-1 + 3)*7*(-24)/(-28). What is the highest common factor of 8 and v?
4
Suppose 2 = -k, v + v = -5*k + 74. Let m = -18 + 46. Calculate the highest common divisor of v and m.
14
Suppose 0 = -5*t + 102 + 123. Let w(r) = r + 3. Let z be w(-5). Let x be (-36)/z - (0 - 0). Calculate the greatest common divisor of x and t.
9
Let i be (-7 + 10)/(6/128). Calculate the greatest common divisor of i and 16.
16
Let c = 37 + 117. Calculate the highest common factor of c and 14.
14
Let p be 2/5 - 13/(-5). Suppose p*s = s. Suppose l + 4*l - 280 = s. What is the highest common divisor of 7 and l?
7
Let r be 20/(-6)*3/(-2). Suppose -83 = -r*f + d + 2*d, -3*d + 77 = 5*f. What is the greatest common divisor of f and 4?
4
Let m be 33/7 + (-10)/(-35). Suppose -4*n - h - h - 14 = 0, -n = m*h - 19. Let k = 9 + n. Calculate the highest common factor of 18 and k.
3
Let q be ((-1)/3)/(5/(-120)*2). What is the highest common factor of q and 28?
4
Suppose -4*m + 1 + 31 = 0. Let r be 2/(-3)*45/(-6). Let o be (r*3)/(12/16). What is the greatest common factor of m and o?
4
Suppose 2*p = -5*x - 71 + 224, 0 = x - 5. What is the highest common divisor of p and 16?
16
Let s = 7 - 3. Suppose s*b - 2*b - 22 = 0. What is the highest common divisor of 77 and b?
11
Let i(j) = -3*j + 2. Let q be i(2). Let c be (-1)/(-2) - 2/q. Let n be (-2 - 3 - c)*-18. What is the greatest common divisor of 12 and n?
12
Let b(v) = 3*v - 7 - 2*v + 0*v - 3*v. Let r be b(-5). Calculate the greatest common divisor of r and 1.
1
Let 